 = 464 - 467. Calculate x(f).
-11
Let s be (-2)/6 - 530/(-15). Let a be (s/(-15) + 2)*15. Let h(z) = -z + 2. What is h(a)?
7
Suppose 2*p - 3*p - 5*a + 17 = 0, -4 = 4*a. Let j = 11 - p. Let m = -17 - j. Let f(l) = l**3 + 6*l**2 - l - 4. What is f(m)?
2
Let v(p) = 7 - 1706*p + 4 + 2 + 1707*p. What is v(-7)?
6
Let c(a) = a - 1. Let i(o) = 2*o - 5. Let b(d) = -d**3 + 3*d**2 - 1. Let m be b(3). Let l(p) = m*i(p) + 3*c(p). Calculate l(2).
4
Suppose 2*o - 3*o + 5*t - 52 = 0, -4*o + 2*t - 154 = 0. Let i = o + 45. Let h(q) = -q + 11. Calculate h(i).
3
Let h be ((-12)/(-15))/((-14)/35). Let m(j) = -j - 1. Let q(w) = -10*w - 8. Let d(i) = -5*m(i) + q(i). Determine d(h).
7
Let q(s) be the first derivative of s**4/4 - 7*s**3/3 + 5*s**2/2 + s - 24. Determine q(6).
-5
Let w(k) be the second derivative of k**5/20 - 7*k**4/12 + k**3 + 4*k**2 + 700*k. Determine w(7).
50
Let f(l) = 6*l - 69. Let q(h) = h - 7. Let r(z) = f(z) - 7*q(z). What is r(-13)?
-7
Suppose -3*j = -0*j + 5*v - 26, -3*j + 2 = -v. Suppose -j*n - 9*n = 3*n. Let q(f) = f + 10. What is q(n)?
10
Suppose -5*t + 23 + 27 = 0. Let i = -9 + t. Let c(w) = -w + 4. Let h(k) = 3. Let n(v) = -4*c(v) + 5*h(v). What is n(i)?
3
Let g(o) be the third derivative of 0 + 0*o - 1/20*o**5 + 4*o**2 + 1/8*o**4 - 1/2*o**3 - 1/120*o**6. Determine g(-4).
1
Suppose 5*t + 5 = s, 2*s = -2*s. Let v = 0 + t. Let c(j) = j**2 + 2*j + 1. Let a be c(v). Let n(u) = u**2 + u + 1. Give n(a).
1
Let a(t) = -2*t - 17. Let c = -82 + 75. What is a(c)?
-3
Let w(o) = -20*o + o**3 - 3 + 0*o**3 + 7*o**2 + o**3 + 14*o. Give w(-4).
5
Let k(b) = b**2 - 6*b - 7. Let u = -22 + 24. Let o(f) = -4*f**3 - 13*f - 11. Let j(y) = y**3 + 4*y + 4. Let i(m) = u*o(m) + 7*j(m). Let l be i(0). What is k(l)?
-7
Let l(b) = -b**3 - 9*b**2 - 8*b - 1. Let p(n) = -n**3 - n**2 + 10*n - 16. Let c be p(2). What is l(c)?
-1
Suppose 0 = -9*o + 34 + 2. Let l(u) = o - 6*u + 5*u + 3 - 1. Calculate l(-7).
13
Suppose -2*r + 5*r = 27. Let u = 17 - r. Let p(l) = -6*l - 8. Let d(n) = -9*n - 12. Let x(s) = u*p(s) - 5*d(s). Determine x(-3).
5
Let v(h) = h + 12. Let k be v(14). Let l = -20 + k. Let s(o) = -o**2 + o - 1. Let m(f) = -7*f**2 + 11*f - 7. Let x(z) = m(z) - 6*s(z). Give x(l).
-7
Let j be 40/(24/(-6)) - -11. Let h(v) = -11*v**2 + 3*v - 4. Determine h(j).
-12
Let u(m) = -7*m**2 + 5*m. Let k(f) = f**2 - 1. Let a be 4/((-22)/6 + 3). Let b(i) = a*k(i) - u(i). Calculate b(4).
2
Let d(y) be the third derivative of -y**6/120 - y**5/15 - y**4/6 - 2*y**3/3 - 2*y**2 + y. Give d(-4).
12
Let k(p) = 2*p**2 + 9*p + 27. Let w(j) = j**2 + 4*j + 13. Let l(f) = 3*k(f) - 7*w(f). Suppose b + 0*b = 0. Calculate l(b).
-10
Let z(f) = f. Let n be z(3). Let k = 43 + -32. Let p(a) = 0*a + a**n - 2 + k*a**2 - a - 5*a**2 + 7*a. What is p(-5)?
-7
Let k(p) = -p**3 + 10*p**2 - 6*p + 11. Let b be k(9). Let h(l) = b + 2*l - 38. Let n(q) = -q**3 + 6*q**2 - 5*q + 5. Let z be n(5). Determine h(z).
10
Let d = 113 + -108. Suppose -16 + 0 = -4*y. Let o(g) = -1 + 5*g - g**2 - y + 0*g. Determine o(d).
-5
Let i be -2 - 0 - (-1 + 5). Let w = 149 - 52. Let u(q) = q + w - 197 + 99. Give u(i).
-7
Let h(q) = 16*q + 2 - 15*q - 3*q**2 + 6 + 2*q**2. What is h(5)?
-12
Let y(v) = -v**3 - 7*v**2 - 6*v - 6. Suppose -5*a + 42 - 72 = 0. Give y(a).
-6
Suppose 0*d = -4*d + 20. Suppose -5 - d = -5*p. Let b(u) = -u**3 + p - 7 + 4 + u + 3. Give b(0).
2
Let b(x) = x**3 + 12*x - 3*x**2 - 14 - 10*x**2 + 3. Determine b(12).
-11
Suppose -p = -5*p + 60. Suppose 4*w + 0 + 5 = -m, p = -w - 3*m. Suppose w = l - 3*l - 6. Let n(g) = g**2 + 2*g - 4. Determine n(l).
-1
Let j(g) be the first derivative of g**4/2 - 5*g**3/3 + 3*g**2/2 - 3*g - 39. Calculate j(3).
15
Let m(n) = n**3 + 8*n**2 - 11*n - 10. Let z = -223 + 214. What is m(z)?
8
Let l(u) be the third derivative of -u**4/24 - u**3/3 - 2*u**2. Let a(d) = -d**2 - 20*d - 24. Let x be a(-19). Let r = x + 2. Calculate l(r).
1
Let o(l) = 21*l + 118. Let f be o(-5). Let w(z) = z**2 - 13*z + 11. Calculate w(f).
11
Let m(h) = 4*h + 4. Let z(o) = -o - 10. Let s be z(-12). Suppose -s*p - 3 = 1. Let l be m(p). Let x(a) = -a**2 - 3*a + 1. Give x(l).
-3
Let z(p) = -p**3 + 6*p**2 + 8*p + 2. Let g(v) = -4*v - 20. Let t be g(-6). Suppose y + 4*y = t*n + 51, y + 2*n = -1. What is z(y)?
9
Let n(q) be the second derivative of q**5/20 + 5*q**4/12 + q**3/6 - 3*q**2/2 + 3*q - 79. What is n(-5)?
-8
Let u(p) = -p**2 - p - 3. Let o = -67 - -97. Let b = -34 + o. What is u(b)?
-15
Let z(r) = -4*r**2 + 29*r - 2. Let n be z(7). Let h(s) be the second derivative of 2/3*s**3 - 1/4*s**4 + 0*s**2 - s - 1/20*s**n + 0. Determine h(-4).
0
Let p(b) be the third derivative of b**5/60 + b**4/12 + b**3/6 + 4*b**2. Let g = -212 + 209. Give p(g).
4
Let l(m) = -m**3 + 5*m**2 + 5. Let v be l(5). Suppose -4*b - 13 = -v. Let k(n) = -n. Determine k(b).
2
Let w(y) = -y**3 + 16*y**2 - 16*y + 14. Let p be w(15). Let o be (3 + p)/((-16)/(-24)). Let s(v) = 3*v - o*v - 5*v. Determine s(-1).
5
Let k(x) = x - 4. Let h(b) = -b + b - 7*b - b**2 - 5. Let v(g) = -g - 1. Let s(c) = h(c) - 2*v(c). Let q be s(-5). Determine k(q).
-7
Let i(c) be the first derivative of c**3/3 - c**2 + 8. Give i(3).
3
Suppose 11*z - 4*z = 14. Suppose -7*v - 4*v = -z*v. Let t(l) = 1 + 0 + 3 + l. Calculate t(v).
4
Let i(b) be the first derivative of -2*b**3/3 - 3*b**2/2 - b + 133. Calculate i(-2).
-3
Let m(l) = 2*l + 3*l**2 + 665 - 11*l - 658. Let z(r) = 2*r**2 - 4*r + 3. Let p(x) = -4*m(x) + 9*z(x). Determine p(1).
5
Let p(z) = 3*z**2 - 4*z - 5 - 4 + 0*z. Let i(s) = s**2 + 4*s + 2. Let x(c) = c + 1. Let b(g) = i(g) - 5*x(g). Let t(v) = 11*b(v) - 4*p(v). What is t(4)?
7
Let b(n) = 5*n + 1. Let u(i) = 3*i. Let z(r) = 4*b(r) - 7*u(r). Let a = -8 + 16. Suppose 20 = -5*d, 3*d + a + 8 = w. What is z(w)?
0
Let m(x) = 4*x + 7*x - 12*x - 5 - 5. Determine m(-6).
-4
Let n(u) = -u + 3. Let o(h) = 0*h + 2*h**2 - 4 + 1 + h**3 - 4*h**2 - h. Suppose -3*y + 4 = -5. Let p be o(y). Calculate n(p).
0
Let z(n) be the third derivative of -n**6/360 - n**5/30 - 25*n**4/24 - 15*n**2. Let k(t) be the second derivative of z(t). Determine k(4).
-12
Suppose -1 = -2*s + 4*s - v, 2 = -3*s + v. Let c(g) be the first derivative of 0*g + 14 - 1/2*g**2 + 0*g**3 - 7/4*g**4. Calculate c(s).
8
Let r(a) be the second derivative of -a**4/12 - a**3/2 - 2*a**2 - 147*a. Give r(-4).
-8
Let g(i) = -3*i**2 + 4*i + 1. Let t(f) = -2*f**2 + 3*f. Let b(k) = 5*g(k) - 7*t(k). What is b(-4)?
-7
Suppose -5*p - 15 = -5*w - 5, -5*w + 10 = p. Suppose w*k - k = 0. Suppose k*u + 8 = 2*u. Let h(y) = -y**2 + 6*y - 3. Calculate h(u).
5
Let q be -1 - -5 - (3 - 1). Suppose -4*h - q*g = -6*h + 14, 1 = -h - g. Let x(w) = 2*w**3 - 4*w**2 - w. Calculate x(h).
15
Suppose 87*s + 45 = 96*s. Let q(z) = -2*z**2 + z - 3. Determine q(s).
-48
Let m = -32 - -32. Let y(o) = -3*o - 2*o - 8 + 3*o + m*o. Suppose l + 30 = -4*l. Give y(l).
4
Let v(g) = g**2 - 44*g + 162. Let f be v(4). Let h(t) be the first derivative of t**3/3 - 2*t**2 - 1. Give h(f).
-4
Let i(g) = -g**3 - 8*g**2 - g - 8. Let n be i(-8). Let w(o) = 7 + 1 + 5*o + n + 5*o**2 + o**3 - 3. Determine w(-4).
1
Suppose -3*m - 8 = -m, 2 = -2*s - 2*m. Let w be 1 - (5 - s)/(-1). Let y(p) = -1. Let v(t) = -t. Let u(x) = 3*v(x) - 2*y(x). What is u(w)?
-7
Let o(z) = 4 + 0*z + z**3 - 3*z + 0*z**2 - 3*z**2 + 0. Let x(c) be the second derivative of -c**5/5 - c**3/6 - c**2 - c. Let l be x(-1). Calculate o(l).
-5
Let b = 10 + -7. Let i(a) = 3*a**2 + a + 1. Let n be i(-1). Let d(s) = 3 - n*s + 5 - 8. Determine d(b).
-9
Suppose 2 = -f + 4. Let m(t) = f - t + 8 - 8. What is m(1)?
1
Let m(n) = 10*n + 11. Suppose -21*x + 104 = -73*x. Give m(x).
-9
Suppose 24*z - 19*z - 125 = 0. Let j(x) = 2 + 0*x**3 - 3*x**2 - x**3 - z*x + 26*x - x**3. Give j(-2).
4
Suppose -2*r + 58 = 34. Let c(a) = -4*a - r*a + 9*a - 4 - a**2. Give c(-6).
2
Suppose 3*s - 2 = -f + 10, -8 = -2*s + f. Suppose 2*y = 2, 3*c + 0*y - 10 = -s*y. Let l(p) = p - 8*p - 2 + c*p + p. Determine l(-2).
6
Let p be ((-6)/(-8))/(1/16). Let d(l) = 14 - 2*l**2 - 10*l + 2 - 12 + p*l**2 - l**3. Calculate d(9).
-5
Let b(r) = r - 8. Let h be b(8). Suppose h = 2*n + 151 - 149. Let x(l) = 30*l + 1. Calculate x(n).
-29
Let d be 0 + ((-4)/(-1) - 1). Suppose 4 = -n + d*n. Let r(p) = 2 + p**n - 4*p + 0 - 9 + 2. What is r(5)?
0
Let y(f) = 6 - 9*f + 3 - 4 - 4. Det